(n) be the second derivative of n**4/2 - n**3/6 - n**2/2 + 23*n. Determine m(-1).
6
Let r be (-4)/10*10*1. Let j(t) = 0*t + 3*t - 60*t**2 + 61*t**2. Determine j(r).
4
Let f(l) = l. Suppose 0 = p + 3*p. Let h be (-6)/(-4) - 12/(-8). Suppose p = 8*g - h*g. What is f(g)?
0
Suppose 2*w - 3*w = 4*k - 7, 3*k - 14 = -2*w. Let f(u) = -2*u**3 - 1 + 0*u**3 + 6*u + 0*u**3 - w*u. What is f(-1)?
2
Let z(r) = -r**2 - 6*r + 4. Suppose a + 2 = -5. Give z(a).
-3
Suppose 5*x = 2*w - 4, -4*x + 9 = 4*w + 29. Let l(h) = h**3 - 3*h**2 - 3*h. Calculate l(x).
-14
Let h be 1 - 4 - (-9)/3. Let m(t) = 0*t**3 - 2*t - t**3 + 4*t + h*t. Determine m(-2).
4
Let s(y) = 4*y - 9. Let w(t) = t - 1. Let n(o) = s(o) - 6*w(o). What is n(-2)?
1
Let v(b) = -3*b**2 - 1. Suppose -22 = -c - 5*y - 5, y - 9 = -3*c. Suppose m - 20 = -4*m. Suppose -3*k - 12 = -5*i - 5, -m*i + 6 = -c*k. Determine v(k).
-4
Let k(x) = -11*x**3 - 5*x**2 + 8*x + 17. Let a(g) = 7*g**3 + 3*g**2 - 5*g - 11. Let l(c) = 8*a(c) + 5*k(c). Calculate l(0).
-3
Let d(g) = 2*g - 5. Let h be 152/10 + 6/(-30). Suppose -6*r + r + 15 = 3*n, -3*n + h = 3*r. Determine d(n).
5
Let c(b) be the second derivative of b**5/20 - b**4/12 + 5*b**2/2 + b. Let o(n) = -2*n**2 + 1. Let h be o(1). Let j = h + 1. Give c(j).
5
Suppose 5*j + 20 = -5*f, -j - f = 2*f. Let l(i) = -i**3 + 0 + 6 - 7*i**2 + 0*i**2 - 5*i. Calculate l(j).
0
Let t(f) = -f**2 + f + 1. Let k = -2 - 1. Let b(s) = 0*s + 7 + 2*s - s - 6. Let p be b(k). Determine t(p).
-5
Let a(y) be the second derivative of -y**4/2 - y**2/2 + 3*y. Give a(1).
-7
Let f(q) = -q + 1. Suppose -7*k = -5*k - 12. Let w be -3 + (-21)/k*-2. What is f(w)?
-3
Let u = 28 + -20. Let l be (u/6)/((-8)/(-36)). Suppose 0 = m - l + 1. Let b(j) = -j**2 + 5*j - 4. Calculate b(m).
-4
Let m(i) = -3*i + 6. Let l(v) = 12*v - 24. Let z(k) = -5*l(k) - 21*m(k). Determine z(4).
6
Let m(a) be the third derivative of 1/30*a**5 + 0*a**4 + 4*a**2 - 1/6*a**3 + 0 - 1/40*a**6 + 0*a. Determine m(1).
-2
Let j(i) be the third derivative of i**6/120 + i**5/30 + i**3/2 - 5*i**2. Calculate j(-3).
-6
Let w(t) = -t - 1. Suppose 12 = -2*u - 2*u. Let c be 9/6*(-10)/u. Give w(c).
-6
Suppose 3*c + 15 = 8*c. Suppose c + 1 = 2*i. Let m(u) = -u**2. What is m(i)?
-4
Let r(q) = -q**2 + 6*q + 1. Let f(y) = y**2 - 1. Let w(j) = 2*f(j) + r(j). Let d = 60 + -63. Give w(d).
-10
Let p(v) = v - 3. Suppose -5 = -104*w + 103*w. Determine p(w).
2
Let b(m) = -m**2 + m + 4. Let k be b(0). Let d = 4 - k. Let z(r) = r**3 - r**2 - 1. What is z(d)?
-1
Let a(m) = -m**2 + 5*m + 4. Let q(p) = -p. Let x(d) = a(d) + 6*q(d). Suppose -3*g + g = 0. Determine x(g).
4
Let c = 8 - 4. Let y be 8*(c - 2)/4. Let u(f) = -2 + 9 - f - 2. Give u(y).
1
Let b(z) = -12*z - 5 + 4 + 20*z. Suppose 0 = -4*a - x + 16, 0*a - 5*a + 27 = 3*x. Let j = a - 2. What is b(j)?
7
Let i(n) = n**2 + 2*n + 2. Suppose -f - 5 = 3*l, 3 = -0*l + 3*l - 3*f. Let m = 5 + l. Suppose -4*w = -m*z - 16, 3*z - 3*w - 4 = -8*w. Calculate i(z).
2
Let t(w) be the second derivative of w**4/6 + w**3/2 - 2*w**2 + w. Let f = 3 - 3. Suppose f = -3*c - c - 12. What is t(c)?
5
Let b = 0 - -3. Let d = b - 8. Let u(v) be the third derivative of -v**4/24 - v**3/6 + 4*v**2. Give u(d).
4
Let z(s) be the third derivative of -s**6/120 - s**5/10 + 2*s**3/3 + 23*s**2. Calculate z(-6).
4
Suppose -5 = i - 2. Let x be (-32)/(-14) - (-4)/(-14). Let h(s) = -5*s + s**3 - x*s**2 - 3 + 3*s**2 + 0*s**3. Calculate h(i).
-6
Let h(y) = -3*y**2 - 23*y + 1. Let q be h(-8). Let s(i) = i**2 + 7*i - 8. Calculate s(q).
-8
Let p(y) = y**3 + 4*y**2 - 8*y - 7. Suppose 4*s - 47 = 29. Suppose 3*m - 4 = -s. Calculate p(m).
8
Let m(g) = -g**2 - 4*g. Let b = -2 + 3. Let h = b - -3. Suppose 0 = -h*f - f - 15. What is m(f)?
3
Let f(v) = -3 - 2*v + 2*v - 1 + 2*v. What is f(-5)?
-14
Let y(q) = q**2 - 12*q - 5. Suppose 0 = -7*i + 10*i - 36. Calculate y(i).
-5
Let n(p) be the second derivative of p**4/12 - p**3/6 + 11*p. Give n(-3).
12
Suppose -4*d - 12 = 4. Let a(r) = -r**2 - 2*r + 3. Calculate a(d).
-5
Let y(h) be the second derivative of 1/6*h**3 + 2*h + 0 - 1/2*h**2. Suppose 3*f - 8 = 7. Give y(f).
4
Let v(u) be the third derivative of -11*u**6/60 + u**5/60 + u**4/24 + 4*u**2. What is v(-1)?
22
Let n(x) = x**2 - 5*x - 5. Let a be n(5). Let g(m) = -3*m - 2. Let q(u) = 7*u + 5. Let o(s) = a*g(s) - 2*q(s). Calculate o(-4).
-4
Let o(g) = -g**2 + 13*g - 16. Let h(p) = 5*p - 29. Let f be h(8). Calculate o(f).
6
Let l(n) = 4*n + 6. Let c(f) = 12*f + 6. Let m(o) = -13*o - 5. Let w(j) = -6*c(j) - 5*m(j). Let a(x) = 11*l(x) + 6*w(x). Suppose 0 = -b - 6 + 4. Calculate a(b).
-4
Let c(j) be the second derivative of j**4/24 - j**3/3 + 3*j**2/2 - 4*j. Let u(m) be the first derivative of c(m). Let k = -6 - -9. What is u(k)?
1
Let c(r) = 3*r. Let q(z) = 1. Let p(m) = c(m) - 3*q(m). Suppose -5*t - 2*y - 29 = 0, 4*t + t - y + 23 = 0. Let b = 7 + t. Calculate p(b).
3
Let y(i) = 2*i + 2. Suppose 6 = -4*n + 18. Give y(n).
8
Let w be 0*((-9)/6 - -2). Let o(b) = 1 + 2*b - 4*b + 1 + w*b. Give o(3).
-4
Let k(m) = -4 - 2 + 3 - 1 + 4*m. Calculate k(3).
8
Let b = 29 + -35. Let l(z) = 12 + z + 2*z - 2*z. What is l(b)?
6
Let x be 48/40*(-40)/6. Let o(j) be the second derivative of -j**4/12 - 7*j**3/6 + j**2/2 - 3*j. Determine o(x).
-7
Let u(z) = -z**3 + 2*z**2 - 4*z + 2. Let l(w) = 13*w - 7. Let v be l(3). Let j be (-113)/(-2) - 1/2. Let p be j/v + 1/4. Give u(p).
-6
Let b(w) = 5 - 7*w + 0 - 4. Determine b(1).
-6
Let x(w) = -w**2 + 4. Suppose 6 + 3 = 3*v. Let p(o) = -1. Let z(k) = v*p(k) + x(k). Calculate z(-1).
0
Let n = 2 + 0. Let k(m) = -7*m**3 - 6*m**2 + 3*m - 9. Let g(i) = 3*i**3 + 3*i**2 - 2*i + 4. Let j(o) = n*k(o) + 5*g(o). Determine j(-4).
2
Suppose -2*r = 3*f + 6, -5*r + 4*f - 47 = -9. Let s(b) = 11*b**2 - 3*b - 14. Let t(k) = 5*k**2 - 2*k - 7. Let j(a) = r*s(a) + 13*t(a). Give j(-5).
8
Let d(p) = p**2 + p - 1. Let t = -36 + 21. Let j = -18 - t. What is d(j)?
5
Let o(d) = -2*d**3 + 5*d**2 + 5*d - 3. Let y(t) = -3*t**3 + 6*t**2 + 6*t - 4. Let j(p) = -4*o(p) + 3*y(p). What is j(-3)?
15
Suppose -6*i + 12 = -2*i. Suppose i - 8 = o. Let y(q) = -q**2 - 8*q - 2. Give y(o).
13
Let f(j) = -j + 2. Let k(y) = -3*y**2 - y. Let r be k(-2). Let s be 18/(-4)*r/15. What is f(s)?
-1
Suppose 4*i = 2 + 2, -5*b + 6 = -4*i. Let y(k) = -2*k**3 + 5*k**2 + 4*k - 2. Let w(s) = -2*s**3 + 4*s**2 + 3*s - 1. Let j(r) = 3*w(r) - 2*y(r). Determine j(b).
-5
Let x(y) = 6 + 3*y - 6 + 4 + 1. Suppose -3*u - 20 = 2*u. What is x(u)?
-7
Let r(x) be the second derivative of 1/10*x**5 + x + 0 + 0*x**4 + 0*x**3 - 1/2*x**2. Let p(q) = -q**2 - 3*q + 3. Let n be p(-4). Calculate r(n).
-3
Let g = -56 + 51. Let o(b) = -b**2 - 3*b + 7. Calculate o(g).
-3
Let w(z) = -z**2 - 6*z + 3. Suppose 36*h = 31*h - 35. Calculate w(h).
-4
Let p(k) = -k**3 - k + 1. Suppose 2*o + 3*o + 2*l + 1 = 0, 5*o - l - 8 = 0. Let f(r) = 5*r**3 + 4*r**2 + 4*r - 4. Let m(h) = o*f(h) + 6*p(h). Determine m(3).
5
Let a(y) be the second derivative of -2/3*y**3 + 1/6*y**4 + 0 + y**2 + y. Give a(3).
8
Suppose 3*c + 4 = c, i = 2*c - 3. Let o(f) = f. Let x be o(i). Let g(k) = 2*k + 9. Give g(x).
-5
Let h(p) be the second derivative of 1/12*p**4 - p + 0 + 4/3*p**3 + 3/2*p**2. Determine h(-6).
-9
Let t(b) = b - 4. Let p be t(0). Suppose 0 = w - 4*v - 0*v + 2, -5*v = -3*w + 1. Let l(o) = -5 - 2 + o**2 + 2 + 3*o + 0*o**w. Give l(p).
-1
Let n be 5 - (3 + (-9)/3)/(-3). Let k(v) = v**3 - 5*v**2 - 1. Determine k(n).
-1
Let d(u) = 5 + u - 3 - 4. Calculate d(6).
4
Let l = 20 + -8. Suppose -5*y + l = -8. Let t(b) be the first derivative of b**4/4 - 4*b**3/3 - b**2/2 + 2*b - 4. Give t(y).
-2
Let t(q) = -3*q**2 - 4*q - 4. Let p(b) = 4*b**2 + 3*b + 4. Let k = 8 + -10. Let z(h) = k*p(h) - 3*t(h). What is z(-5)?
-1
Let a(c) = c**3 + 7*c**2 + 6*c - 4. Suppose -r + 4 = 12. Let h = 2 + r. Determine a(h).
-4
Let p(w) = -29*w**2 - 14*w - 14. Let y(g) = -10*g**2 - 5*g - 5. Let v(a) = -4*p(a) + 11*y(a). Calculate v(-1).
6
Let c(q) = q**3 - 4*q**2 - 2*q + 4. Suppose 2*z - 6*z - 3*k = 6, 3*z - 2*k - 4 = 0. Suppose z = -a - 2*y + 2, 4*a + 3*y - 1 = 3*a. Calculate c(a).
-4
Let a(o) be the third derivative of -1/30*o**5 + 0 + 1/24*o**4 + 0*o**3 + 4*o**2 + 0*o. What is a(2)?
-6
Let p(s) be the first derivative of -s**3/3 - 3*s**2/2 + 5*s - 34. Let l(k) = k**2 + 6*k + 1. Let c = 5 + -1